at is 13 + -11 - (2 + -2)?
2
Calculate 0 - 0 - 5 - (130 + -139).
4
What is the value of 1 - (-3 + -4 + 5)?
3
7 + (-20 - -19) + (-2 - -2)
6
Calculate -1 - (4 + -9 + 8).
-4
Calculate (3 - (-11 + 8)) + -5.
1
-2 + (7 - 8) + 3
0
Calculate 3 + 2 - (6 - 1).
0
-21 + 11 + 8 - (1 + 0)
-3
2 + 3 - 1 - (12 + -9)
1
2 + (5 - 4 - 4) - 3
-4
Calculate 2 + (-6 - -15) - 11.
0
(-7 - 0) + (-19 - -20)
-6
Evaluate -5 - (-9 - -4 - (-2 - -1)).
-1
Calculate (3 - -2) + 2 - 0.
7
-10 - ((14 - 3) + -14)
-7
What is the value of (1 - 1) + (-4 + 6 - 5)?
-3
-6 - (0 + -6) - (1 + -1)
0
Evaluate (-8 - -15 - 0) + -15.
-8
What is -6 + (7 - 2 - 1)?
-2
5 + (-9 - -2) + 5
3
What is the value of 4 + (-1 - (-1 + 2 - -2))?
0
What is (-6 - 3) + 0 - -2?
-7
Calculate -3 - (5 + 4 + -6 + -2).
-4
Calculate (-11 - -1 - -5) + (-2 - -6).
-1
Calculate 1 - (17 - 16) - (-6 + 1).
5
What is the value of -2 - (-4 + 4 + 4 + 1)?
-7
Evaluate (6 - 2) + -2 + (-5 - -2).
-1
-15 + 12 + 1 + 0
-2
Calculate 5 - 1 - (3 + -3 + 5).
-1
Evaluate 3 - ((2 - 5) + 2 + 1).
3
Calculate -4 - -1 - (-1 - 2).
0
Calculate 4 + (7 - 6) + 2.
7
-15 + 14 + -1 + 1 + -2
-3
Evaluate 0 + (-1 - (12 - 10)).
-3
Evaluate 7 - 2 - (-72 - -69).
8
8 - (24 + -15 - (1 + 2))
2
-2 + 2 + -3 + 4
1
Calculate 12 + (-9 - 9) - (0 + -2).
-4
What is the value of -6 - (-7 + 4 + -4 + 3)?
-2
Calculate 0 + (3 - -9) + -2.
10
Calculate (1 - 2) + -2 + -4 + 6.
-1
What is the value of 7 - (3 + -6 + 1 + 16)?
-7
16 - 1 - (4 - -6)
5
What is the value of -9 + 14 + (-1 + -2 - -3)?
5
What is the value of (-2 - 6 - -11) + 2?
5
Calculate (-1 - -8) + -1 + 44 + -43.
7
Evaluate -3 + 2 + 2 + 2.
3
-2 - 0 - (-2 - 1 - -1)
0
What is 3 + -2 + (5 - 8)?
-2
(-9 - -10 - 12) + 1
-10
What is the value of -8 + 6 - (1 + -4) - -4?
5
What is the value of 6 + (7 - 14 - -3)?
2
Calculate (8 - (-3 + 7)) + (29 - 34).
-1
3 + -1 + -3 + 0 + 0
-1
What is the value of (0 + 1 - 2) + 0?
-1
What is -9 + 4 - -9 - (2 + -3)?
5
Calculate 6 - (2 - (7 + (-8 - 2))).
1
What is (-6 - -5) + 1 + -2 + 0?
-2
Calculate 3 - (-4 - -2) - 4.
1
Calculate -2 - (-6 - (6 - 7)).
3
Calculate 1 + (2 - 7) + 8.
4
What is (-3 + 3 - 2) + 4 + 0?
2
14 + -12 + 0 + -6
-4
What is the value of (4 - ((5 - -1) + -3)) + -1?
0
What is 3 - (-2 + 5 + 2 + -1)?
-1
What is (-1 + -5 - -4) + 4?
2
What is the value of 4 + -4 + 4 + -1?
3
Calculate (-1 - (1 + -4)) + -3 + 3.
2
What is the value of 0 + 5 + (1 - 3)?
3
What is 3 + (-10 - -7) + 5?
5
0 - -5 - (39 + -35)
1
What is the value of -35 + 37 + -6 + -1 + 0?
-5
Evaluate 4 - 16 - (-2 + 5 - 7).
-8
What is the value of 1 + -7 + 0 + 5 - -4?
3
What is (0 - -3) + -1 - (-5 + 3)?
4
Calculate (2 - -4) + (1 - 9) - -5.
3
What is -4 + -6 + 1 + 13?
4
What is 3 + -1 + (-9 - -2) + 5?
0
Evaluate 3 + -6 + (-1 + 6 - 2).
0
Calculate 3 + 4 + (-1 - -1 - -1).
8
(24 + -18 - (4 - 0)) + -10
-8
Evaluate 2 + -1 + -2 - -4 - -2.
5
Evaluate 2 + 2 + (-21 - -18).
1
What is the value of -4 - (-2 + 2 - 0)?
-4
-3 + (1 - -1) + -4
-5
What is the value of 7 - 13 - -18 - (1 - -6)?
5
Calculate -3 - (3 + (0 - 3)).
-3
Evaluate 5 + 2 + -2 - (-4 + 13).
-4
Evaluate -1 + (4 + 3 + -6 - -3).
3
Evaluate 8 + -6 - (-2 - 0).
4
-1 - ((-8 - 0) + 2)
5
What is (-5 - -2) + (3 + 2 - -3)?
5
Evaluate (2 - 3 - (-5 + 6)) + -1.
-3
What is the value of 0 + (-9 - (-10 + 5))?
-4
What is the value of 4 + 2 + (-15 - -10)?
1
-2 - (1 + (-5 - 0))
2
What is the value of 0 - -6 - 10 - (5 - 4)?
-5
Evaluate (-8 - (-4 + 4)) + 4.
-4
(3 - (2 - -1)) + (2 - 1)
1
Calculate (1 - 5) + (9 + -5 - 1).
-1
Calculate 4 + -1 - 4 - -3 - -1.
3
What is the value of (4 - 5) + (2 - -5)?
6
What is 2 - 3 - (9 - 10)?
0
Calculate 3 + 6 + -6 + 1.
4
Evaluate -2 - (-2 + (3 - (3 + -3))).
-3
What is 5 + -1 - (5 - -1)?
-2
What is the value of -8 - -4 - -7 - 2?
1
What is (9 - 2) + -9 - (-5 + 3)?
0
Evaluate 10 - (6 + 7) - -3.
0
What is the value of 4 - (-2 + 7 + 0 + -2)?
1
What is the value of -9 - (-10 + -1 + 13)?
-11
-2 - (6 + -5 + -5 + -3)
5
What is the value of (2 + -1 - -2) + (1 - 1)?
3
(1 - -5) + (17 - 19)
4
1 + -1 - (6 - (-7 - -7))
-6
What is the value of (1 - (5 + -11)) + -5?
2
What is the value of 4 + -7 + (0 - -3) + 6?
6
What is the value of 5 + -11 + 5 - (1 + 1)?
-3
Evaluate -2 + (1 + -3 - (2 + -1)).
-5
What is the value of 5 + (-4 + 4 - 6)?
-1
Evaluate (5 + 1 - 2) + -33 + 29.
0
Calculate 6 + -7 - 1 - (1 + 0).
-3
Calculate 9 + -2 - (15 - (7 - -7)).
6
What is the value of 6 - (-4 + (-4 - -12))?
2
3 - (18 + (-7 - -1) + -1)
-8
Evaluate -3 + 0 + 6 + -1.
2
What is (4 - 8) + -7 + -8 + 8?
-11
What is (-1 - (-3 - 6)) + -13?
-5
What is the value of 8 + 9 + (-6 - (-3 - -5))?
9
4 - (4 + -3 + 9)
-6
Evaluate -1 + -1 + -1 - (-5 - -4).
-2
What is the value of -173 + 173 + (0 - 7)?
-7
Evaluate -14 + 10 + 7 - 11.
-8
Calculate (0 - (-1 - -6)) + (-50 - -54).
-1
What is 4 - 6 - -1 - (1 + -5)?
3
What is the value of 3 + -1 + (5 - (12 + -6))?
1
Calculate 1 - 1 - 7 - (-107 + 95).
5
Evaluate (-8 - -5) + (0 - 5 - -6).
-2
What is (-6 + -4 - -18) + -7?
1
What is the value of -2 - -4 - (1 - -2)?
-1
2 + 2 + -11 - -2
-5
Evaluate (-7 - 0 - -2) + (9 - 2).
2
What is the value of 7 - (2 - (3 - 2))?
6
What is 3 - 4 - -1 - 1?
-1
What is -4 - (2 - 7) - 4?
-3
Calculate 6 + 9 + (11 - 35).
-9
8 + -5 + -1 + -2 + 2
2
What is the value of -5 - (10 - (0 - -10))?
-5
-29 + 31 - (1 - -1)
0
Calculate -4 - (-1 + (6 - (14 - 6))).
-1
What is the value of 13 + (0 - 1 - 10)?
2
Evaluate 0 + (-3 - (-4 - -1)).
0
-1 - (1 + 3) - (-17 + 12)
0
Evaluate (-3 - -4) + -1 + -3.
-3
What is 1 + 5 - (-11 + 17 - 5)?
5
Evaluate (3 - 3) + (-6 - -1).
-5
2 + 0 + (4 - 4)
2
0 + (5 - (-3 - -14) - 1)
-7
Calculate 5 + 1 - (-2 - -5).
3
What is the value of 35 + -38 + (5 - 1)?
1
What is -1 - (1 + 0 + -1) - -1?
0
What is -1 + 4 - (37 - 31)?
-3
Evaluate (-9 - -8) + 5 + -3.
1
What is 1 - (-9 + -1 + 16)?
-5
Evaluate 0 - -4 - (-8 - (3 + -11)).
4
Calculate 2 + -2 + 10 + -6.
4
Calculate 0 - (-3 - -1) - (17 + -17).
2
Evaluate 3 + (3 - 0 - 4).
2
What is the value of -14 + (3 - (-8 - -6))?
-9
What is -1 + 1 - (-2 - (-1 - 2))?
-1
Evaluate (5 + -2 - 2) + 3 - 10.
-6
Calculate -5 - 0 - (-24 + 21).
-2
Evaluate 0 - -1 - ((4 - -2) + -6).
1
Calculate -4 - -9 - 3 - (1 - 2).
3
What is 0 + -5 + (-2 - -3) + 4?
0
0 + -5 + 5 - (-1 + -1)
2
What is the value of -3 - (2 - (12 - 5))?
2
(3 - 5) + 3 - 5
-4
Evaluate -6 + (-10 - -2) + 13.
-1
What is the value of 4 - -1 - (0 - 0) - 3?
2
What is the value of -3 + (-9 - -5) + 3 - -3?
-1
1 + 2 - (13 + -14)
4
(-17 - -21) + (2 - 2) + 1
5
What is -8 - (-2 + -5 - -2)?
-3
1 + -4 + (-11 - -7)
-7
What is 7 + 0 - (19 + -21)?
9
10 - 13 - ((-1 - 0) + -2)
0
Calculate 3 + -10 + 7 - (2 + -1).
-1
Evaluate 4 - ((-9 - -21) + -6).
-2
Calculate 13 + (-18 + 5 - -7).
7
Evaluate -3 - ((9 - (9 + -7)) + -7).
-3
Evaluate 1 - 8 - (6 - (4 + 6)).
-3
Evaluate 1 - (0 + 4) - 2.
-5
Evaluate -37 + 36 + -2 + 2 + 2.
1
What is (1 - 5 - -2) + 5 + -1?
2
4 + 8 - (5 - -9)
-2
What is 5 - (-1 - (3 + -2)) - 8?
-1
2 + -2 + (12 - 14)
-2
What is the value of -2 + 2 - -1 - -7 - 4?
4
Calculate 4 - (-3 + (8 - 0)).
-1
Calculate (7 - (0 - -7)) + 5 + 1.
6
What is the value of 17 + (-10 - -12) + -10?
9
(-16 - -16) + (-2 - (-1 + 4))
-5
8 - 7 - (-6 - -2) - 0
5
Evaluate 12 - (16 - (9 - 2)).
3
Evaluate 0 + -11 + 5 + 0.
-6
0 - (-3 - -6) - (-24 - -28)
-7
Calculate (-2 + 5 - 2) + -1.
0
-26 + 25 + (4 - 2)
1
Evaluate 3 + (0 - 0) + -5.
-2
Evaluate 2 + (-2 + -3 - -2) + 0.
-1
24 + -36 - (3 - 6)
-9
What is 2 - (-1 + 0 + 5)?
-2
What is the value of 7 + -2 - (2 + 16 + -7)?
-6
-9 - ((-5 - -6) + -5)
-5
Calculate -1 + -2 + -2 + 0.
-5
What is -20 - (1 + -11) - -18?
8
0 + 1 + (-3 - -5)
3
Calculate -1 + (-2 + 8 - 9).
-4
What is the value of -20 + 14 + (4 - 4)?
-6
Evaluate 7 - 7 - (0 + 5).
-5
Calculate 5 - 11 - 16 - -15.
-7
Calculate (0 - 2) + (-2 - -4) + 0.
0
(1 - 3) + 3 + 3
4
Calculate -9 + 12 - (0 + 1).
2
Evaluate 1 - 1 - (-6 + (2 - -3)).
1
Evaluate 1 - (0 - (-5 + 0)).
-4
0 - 2 - (19 + -34) - 7
6
-7 - (-2 - -7 - (0 - -2))
-10
Calculate -4 - (2 - (2 + -1)).
-5
Calculate -7 + 2 + -8 + 11.
-2
What is -1 + 15 - (-10 + -6 - -22)?
8
What is the value of 0 + 2 + -1 + 59 + -61?
-1
1 + -7 + (-3 - -8) + 7
6
-6 + 14 + 1 + -4
5
(1 - 0 - (-5 - -5)) + -3
-2
Calculate 6 + -3 + 2 - 4.
1
Evaluate 78 + -78 - (-3 + 1).
2
What is the value of (5 - 6) + (-1 - 1)?
-3
What is the value of (4 - 3) + (2 - 3 - 1)?
-1
What is -1 + 5 + -5 + 8?
7
Evaluat